{"id":1165,"date":"2022-07-16T10:52:01","date_gmt":"2022-07-16T07:52:01","guid":{"rendered":"https:\/\/www.notralkimya.com\/?page_id=1165"},"modified":"2022-07-16T11:02:38","modified_gmt":"2022-07-16T08:02:38","slug":"hizmetlerimiz","status":"publish","type":"page","link":"https:\/\/www.notralkimya.com\/?page_id=1165","title":{"rendered":"H\u0130ZMETLER\u0130M\u0130Z"},"content":{"rendered":"\t\t<div data-elementor-type=\"wp-page\" data-elementor-id=\"1165\" class=\"elementor elementor-1165\">\n\t\t\t\t\t\t\t\t\t<section class=\"elementor-section elementor-top-section elementor-element elementor-element-25533d0 elementor-section-boxed elementor-section-height-default elementor-section-height-default\" data-id=\"25533d0\" data-element_type=\"section\">\n\t\t\t\t\t\t<div class=\"elementor-container elementor-column-gap-default\">\n\t\t\t\t\t<div class=\"elementor-column elementor-col-100 elementor-top-column elementor-element elementor-element-49f6036\" data-id=\"49f6036\" data-element_type=\"column\">\n\t\t\t<div class=\"elementor-widget-wrap elementor-element-populated\">\n\t\t\t\t\t\t\t\t<div class=\"elementor-element elementor-element-3587eab elementor-widget elementor-widget-frel-principles-modern\" data-id=\"3587eab\" data-element_type=\"widget\" data-widget_type=\"frel-principles-modern.default\">\n\t\t\t\t<div class=\"elementor-widget-container\">\n\t\t\t<div class=\"cons_w_wrapper\"><div class=\"fn_cs_principles_modern enable\"><div class=\"container\"><div class=\"inner\"><div class=\"shape\"><span class=\"shape1\"><\/span><span class=\"shape2\"><\/span><\/div><ul class=\"fn_cs_miniboxes\"><li class=\"fn_cs_minibox\"><div class=\"item\"><div class=\"title_holder\"><a href=\"https:\/\/www.notralkimya.com\/myservice\/yumusatma-sistemleri\/\"><\/a><h3>Yumu\u015fatma Sistemleri<\/h3><p>Tandem Yumu\u015fatma Sistemleri<\/p><span class=\"icon\"><img decoding=\"async\" class=\"industify_w_fn_svg\" src=\"https:\/\/www.notralkimya.com\/wp-content\/plugins\/industify-core\/shortcode\/assets\/svg\/arrow-r.svg\" alt=\"svg\" \/><\/span><\/div><div class=\"number_holder\">01<\/div><\/div><\/li><li class=\"fn_cs_minibox\"><div class=\"item\"><div class=\"title_holder\"><a href=\"https:\/\/www.notralkimya.com\/myservice\/deiyonize-sistemleri\/\"><\/a><h3>Deiyonize Sistemleri<\/h3><p>Ham su i\u00e7eri\u011finde bulunan alkalinitenin<\/p><span class=\"icon\"><img decoding=\"async\" class=\"industify_w_fn_svg\" src=\"https:\/\/www.notralkimya.com\/wp-content\/plugins\/industify-core\/shortcode\/assets\/svg\/arrow-r.svg\" alt=\"svg\" \/><\/span><\/div><div class=\"number_holder\">02<\/div><\/div><\/li><li class=\"fn_cs_minibox\"><div class=\"item\"><div class=\"title_holder\"><a href=\"https:\/\/www.notralkimya.com\/myservice\/r-o-sistemleri-ve-ekipmanlari\/\"><\/a><h3>R.O. Sistemleri Ve Ekipmanlar\u0131<\/h3><p>Domestik ve End\u00fcstriyel kullan\u0131m<\/p><span class=\"icon\"><img decoding=\"async\" class=\"industify_w_fn_svg\" src=\"https:\/\/www.notralkimya.com\/wp-content\/plugins\/industify-core\/shortcode\/assets\/svg\/arrow-r.svg\" alt=\"svg\" \/><\/span><\/div><div class=\"number_holder\">03<\/div><\/div><\/li><li class=\"fn_cs_minibox\"><div class=\"item\"><div class=\"title_holder\"><a href=\"https:\/\/www.notralkimya.com\/myservice\/ozon-jereratoru\/\"><\/a><h3>Ozon Jenerat\u00f6r\u00fc<\/h3><p>Bakteriyolojik ar\u0131t\u0131m\u0131n sorunsuz ve kesin <\/p><span class=\"icon\"><img decoding=\"async\" class=\"industify_w_fn_svg\" src=\"https:\/\/www.notralkimya.com\/wp-content\/plugins\/industify-core\/shortcode\/assets\/svg\/arrow-r.svg\" alt=\"svg\" \/><\/span><\/div><div class=\"number_holder\">04<\/div><\/div><\/li><li class=\"fn_cs_minibox\"><div class=\"item\"><div class=\"title_holder\"><a href=\"https:\/\/www.notralkimya.com\/myservice\/seperator\/\"><\/a><h3>Seperat\u00f6r<\/h3><p>Son derece ekonomik bir filtrasyon y\u00f6ntemi olan <\/p><span class=\"icon\"><img decoding=\"async\" class=\"industify_w_fn_svg\" src=\"https:\/\/www.notralkimya.com\/wp-content\/plugins\/industify-core\/shortcode\/assets\/svg\/arrow-r.svg\" alt=\"svg\" \/><\/span><\/div><div class=\"number_holder\">05<\/div><\/div><\/li><li class=\"fn_cs_minibox\"><div class=\"item\"><div class=\"title_holder\"><a href=\"https:\/\/www.notralkimya.com\/myservice\/kum-filtresiaktif-karbon-filtre\/\"><\/a><h3>Kum Filtresi&Aktif Karbon Filtre<\/h3><p>RE KF serisi tam olarak <\/p><span class=\"icon\"><img decoding=\"async\" class=\"industify_w_fn_svg\" src=\"https:\/\/www.notralkimya.com\/wp-content\/plugins\/industify-core\/shortcode\/assets\/svg\/arrow-r.svg\" alt=\"svg\" \/><\/span><\/div><div class=\"number_holder\">06<\/div><\/div><\/li><li class=\"fn_cs_minibox\"><div class=\"item\"><div class=\"title_holder\"><a href=\"https:\/\/www.notralkimya.com\/myservice\/buhar-kazani-kimyasallari\/\"><\/a><h3>Buhar Kazan\u0131 Kimyasallar\u0131<\/h3><p>\nDepozit ve korozyon inhibit\u00f6rleri<\/p><span class=\"icon\"><img decoding=\"async\" class=\"industify_w_fn_svg\" src=\"https:\/\/www.notralkimya.com\/wp-content\/plugins\/industify-core\/shortcode\/assets\/svg\/arrow-r.svg\" alt=\"svg\" \/><\/span><\/div><div class=\"number_holder\">07<\/div><\/div><\/li><li class=\"fn_cs_minibox\"><div class=\"item\"><div class=\"title_holder\"><a href=\"https:\/\/www.notralkimya.com\/myservice\/sogutma-suyu-kimyalalari\/\"><\/a><h3>So\u011futma Suyu Kimyasallar\u0131<\/h3><p>Depozit ve korozyon inhibit\u00f6rleri <\/p><span class=\"icon\"><img decoding=\"async\" class=\"industify_w_fn_svg\" src=\"https:\/\/www.notralkimya.com\/wp-content\/plugins\/industify-core\/shortcode\/assets\/svg\/arrow-r.svg\" alt=\"svg\" \/><\/span><\/div><div class=\"number_holder\">08<\/div><\/div><\/li><li class=\"fn_cs_minibox\"><div class=\"item\"><div class=\"title_holder\"><a href=\"https:\/\/www.notralkimya.com\/myservice\/sicak-su-kimyasallari\/\"><\/a><h3>S\u0131cak Su Kimyasallar\u0131<\/h3><p>Depozit ve korozyon inhibit\u00f6rleri <\/p><span class=\"icon\"><img decoding=\"async\" class=\"industify_w_fn_svg\" src=\"https:\/\/www.notralkimya.com\/wp-content\/plugins\/industify-core\/shortcode\/assets\/svg\/arrow-r.svg\" alt=\"svg\" \/><\/span><\/div><div class=\"number_holder\">09<\/div><\/div><\/li><li class=\"fn_cs_minibox\"><div class=\"item\"><div class=\"title_holder\"><a href=\"https:\/\/www.notralkimya.com\/myservice\/reverse-osmos-kimyasallari\/\"><\/a><h3>Reverse Osmos Kimyasallar\u0131<\/h3><p>Depozit ve korozyon inhibit\u00f6rleri <\/p><span class=\"icon\"><img decoding=\"async\" class=\"industify_w_fn_svg\" src=\"https:\/\/www.notralkimya.com\/wp-content\/plugins\/industify-core\/shortcode\/assets\/svg\/arrow-r.svg\" alt=\"svg\" \/><\/span><\/div><div class=\"number_holder\">10<\/div><\/div><\/li><li class=\"fn_cs_minibox\"><div class=\"item\"><div class=\"title_holder\"><a href=\"https:\/\/www.notralkimya.com\/myservice\/havuz-kimyasallari\/\"><\/a><h3>Havuz Kimyasallar\u0131<\/h3><p>Depozit ve korozyon inhibit\u00f6rleri <\/p><span class=\"icon\"><img decoding=\"async\" class=\"industify_w_fn_svg\" src=\"https:\/\/www.notralkimya.com\/wp-content\/plugins\/industify-core\/shortcode\/assets\/svg\/arrow-r.svg\" alt=\"svg\" \/><\/span><\/div><div class=\"number_holder\">11<\/div><\/div><\/li><li class=\"fn_cs_minibox\"><div class=\"item\"><div class=\"title_holder\"><a href=\"https:\/\/www.notralkimya.com\/myservice\/on-islem-kimyasallari\/\"><\/a><h3>\u00d6n \u0130\u015flem Kimyasallar\u0131<\/h3><p> NOTRAWET ABS CONC: \u00c7ok \u00e7e\u015fitli s\u0131cakl\u0131klarda \u00e7al\u0131\u015fan, hem \u00e7ektirme hem de kontin\u00fc prosesler iz\u00e7in tasarlanm\u0131\u015f y\u00fcksek konsantrasyonlu noniyonik \u0131slat\u0131c\u0131.<\/p><span class=\"icon\"><img decoding=\"async\" class=\"industify_w_fn_svg\" src=\"https:\/\/www.notralkimya.com\/wp-content\/plugins\/industify-core\/shortcode\/assets\/svg\/arrow-r.svg\" alt=\"svg\" \/><\/span><\/div><div class=\"number_holder\">12<\/div><\/div><\/li><li class=\"fn_cs_minibox\"><div class=\"item\"><div class=\"title_holder\"><a href=\"https:\/\/www.notralkimya.com\/myservice\/boya-baski-kimyasallari\/\"><\/a><h3>Boya Bask\u0131 Kimyasallar\u0131<\/h3><p>NOTRADIS PES POWDER: Poliester, poliester kar\u0131\u015f\u0131mlar\u0131 ve asetatlar\u0131n\u0131n dispers boyar maddelerle boyanmas\u0131nda kullan\u0131lan toz form dispersiyon maddesi.<\/p><span class=\"icon\"><img decoding=\"async\" class=\"industify_w_fn_svg\" src=\"https:\/\/www.notralkimya.com\/wp-content\/plugins\/industify-core\/shortcode\/assets\/svg\/arrow-r.svg\" alt=\"svg\" \/><\/span><\/div><div class=\"number_holder\">13<\/div><\/div><\/li><li class=\"fn_cs_minibox\"><div class=\"item\"><div class=\"title_holder\"><a href=\"https:\/\/www.notralkimya.com\/myservice\/apre-kimyasallari\/\"><\/a><h3>Apre Kimyasallar\u0131<\/h3><p>NOTRASOFT N LIQ.:Sel\u00fclozik ve sentetik kuma\u015flar ve bunlar\u0131n kar\u0131\u015f\u0131mlar\u0131 i\u00e7in kullan\u0131lan s\u0131v\u0131 formda noniyonik yumu\u015fat\u0131c\u0131d\u0131r. Sararma yapmaz ve kuma\u015fa yumu\u015fak ve dolgun bir dokunu\u015f kazand\u0131r\u0131r.<\/p><span class=\"icon\"><img decoding=\"async\" class=\"industify_w_fn_svg\" src=\"https:\/\/www.notralkimya.com\/wp-content\/plugins\/industify-core\/shortcode\/assets\/svg\/arrow-r.svg\" alt=\"svg\" \/><\/span><\/div><div class=\"number_holder\">14<\/div><\/div><\/li><li class=\"fn_cs_minibox\"><div class=\"item\"><div class=\"title_holder\"><a href=\"https:\/\/www.notralkimya.com\/myservice\/ultraviyole-sistemleri\/\"><\/a><h3>Ultraviyole Sistemleri<\/h3><p>Ultraviole lambalar\u0131 yayd\u0131klar\u0131 <\/p><span class=\"icon\"><img decoding=\"async\" class=\"industify_w_fn_svg\" src=\"https:\/\/www.notralkimya.com\/wp-content\/plugins\/industify-core\/shortcode\/assets\/svg\/arrow-r.svg\" alt=\"svg\" \/><\/span><\/div><div class=\"number_holder\">15<\/div><\/div><\/li><\/ul><\/div><\/div><\/div><\/div>\t\t<\/div>\n\t\t\t\t<\/div>\n\t\t\t\t\t<\/div>\n\t\t<\/div>\n\t\t\t\t\t\t\t<\/div>\n\t\t<\/section>\n\t\t\t\t<section class=\"elementor-section elementor-top-section elementor-element elementor-element-1ccb7ed elementor-section-boxed elementor-section-height-default elementor-section-height-default\" data-id=\"1ccb7ed\" data-element_type=\"section\">\n\t\t\t\t\t\t<div class=\"elementor-container elementor-column-gap-default\">\n\t\t\t\t\t<div class=\"elementor-column elementor-col-100 elementor-top-column elementor-element elementor-element-e4fddaa\" data-id=\"e4fddaa\" data-element_type=\"column\">\n\t\t\t<div class=\"elementor-widget-wrap elementor-element-populated\">\n\t\t\t\t\t\t\t\t<div class=\"elementor-element elementor-element-7713ef1 elementor-widget elementor-widget-frel-call-to-action\" data-id=\"7713ef1\" data-element_type=\"widget\" data-widget_type=\"frel-call-to-action.default\">\n\t\t\t\t<div class=\"elementor-widget-container\">\n\t\t\t<div class=\"cons_w_wrapper\"><div class=\"fn_cs_call_to_action\"><div class=\"container\"><div class=\"cta_holder\"><div class=\"title_holder\"><h3>Hayalinizi Ger\u00e7ekle\u015ftirece\u011fiz<\/h3><p>M\u00fcmk\u00fcn olan en iyi proje sonu\u00e7lar\u0131n\u0131 sa\u011flayan s\u00fcrd\u00fcr\u00fclebilir i\u015flere odakland\u0131k.\n<\/p><\/div><div class=\"link_holder\"><a href=\"http:\/\/www.notralkimya.com\/contact\/\"> Bizim sorumlulu\u011fumuz<\/a><\/div><\/div><\/div><\/div><\/div>\t\t<\/div>\n\t\t\t\t<\/div>\n\t\t\t\t\t<\/div>\n\t\t<\/div>\n\t\t\t\t\t\t\t<\/div>\n\t\t<\/section>\n\t\t\t\t<section class=\"elementor-section elementor-top-section elementor-element elementor-element-4cb9475 elementor-section-boxed elementor-section-height-default elementor-section-height-default\" data-id=\"4cb9475\" data-element_type=\"section\">\n\t\t\t\t\t\t<div class=\"elementor-container elementor-column-gap-default\">\n\t\t\t\t\t<div class=\"elementor-column elementor-col-100 elementor-top-column elementor-element elementor-element-f2913f8\" data-id=\"f2913f8\" data-element_type=\"column\">\n\t\t\t<div class=\"elementor-widget-wrap\">\n\t\t\t\t\t\t\t\t\t<\/div>\n\t\t<\/div>\n\t\t\t\t\t\t\t<\/div>\n\t\t<\/section>\n\t\t\t\t\t\t\t<\/div>\n\t\t","protected":false},"excerpt":{"rendered":"<p>Yumu\u015fatma Sistemleri Tandem Yumu\u015fatma Sistemleri 01 Deiyonize Sistemleri Ham su i\u00e7eri\u011finde bulunan alkalinitenin 02 R.O. Sistemleri Ve Ekipmanlar\u0131 Domestik ve End\u00fcstriyel kullan\u0131m 03 Ozon Jenerat\u00f6r\u00fc Bakteriyolojik ar\u0131t\u0131m\u0131n sorunsuz ve kesin 04 Seperat\u00f6r Son derece ekonomik bir filtrasyon y\u00f6ntemi olan 05 Kum Filtresi&#038;Aktif Karbon Filtre RE KF serisi tam olarak 06 Buhar Kazan\u0131 Kimyasallar\u0131 Depozit ve [&hellip;]<\/p>\n","protected":false},"author":1,"featured_media":0,"parent":0,"menu_order":0,"comment_status":"closed","ping_status":"closed","template":"","meta":{"_joinchat":[],"footnotes":""},"class_list":["post-1165","page","type-page","status-publish","hentry"],"_links":{"self":[{"href":"https:\/\/www.notralkimya.com\/index.php?rest_route=\/wp\/v2\/pages\/1165","targetHints":{"allow":["GET"]}}],"collection":[{"href":"https:\/\/www.notralkimya.com\/index.php?rest_route=\/wp\/v2\/pages"}],"about":[{"href":"https:\/\/www.notralkimya.com\/index.php?rest_route=\/wp\/v2\/types\/page"}],"author":[{"embeddable":true,"href":"https:\/\/www.notralkimya.com\/index.php?rest_route=\/wp\/v2\/users\/1"}],"replies":[{"embeddable":true,"href":"https:\/\/www.notralkimya.com\/index.php?rest_route=%2Fwp%2Fv2%2Fcomments&post=1165"}],"version-history":[{"count":10,"href":"https:\/\/www.notralkimya.com\/index.php?rest_route=\/wp\/v2\/pages\/1165\/revisions"}],"predecessor-version":[{"id":1176,"href":"https:\/\/www.notralkimya.com\/index.php?rest_route=\/wp\/v2\/pages\/1165\/revisions\/1176"}],"wp:attachment":[{"href":"https:\/\/www.notralkimya.com\/index.php?rest_route=%2Fwp%2Fv2%2Fmedia&parent=1165"}],"curies":[{"name":"wp","href":"https:\/\/api.w.org\/{rel}","templated":true}]}}